d 68150.
1363
Calculate the highest common divisor of 17 and 1946613730.
17
What is the greatest common factor of 34380 and 365383?
191
Calculate the greatest common divisor of 151443484 and 68032.
4252
What is the greatest common factor of 448 and 614768?
112
Calculate the highest common factor of 1027 and 16537781.
1027
What is the greatest common factor of 6639 and 493718087?
2213
What is the greatest common divisor of 82 and 82258997?
41
Calculate the greatest common factor of 1336904 and 24.
8
Calculate the greatest common divisor of 407650 and 554930.
2630
Calculate the greatest common factor of 2152710 and 25500.
510
What is the highest common divisor of 214201 and 49049?
13
What is the highest common factor of 181397888 and 1190?
238
What is the highest common divisor of 35288 and 5325280?
3208
What is the highest common factor of 95053 and 36001?
259
Calculate the highest common divisor of 42950232 and 1.
1
Calculate the highest common divisor of 7630 and 60536.
14
What is the highest common divisor of 312 and 116407668?
156
Calculate the greatest common divisor of 1 and 73756391.
1
Calculate the greatest common factor of 22154073 and 172.
43
What is the highest common factor of 157 and 209540207?
157
What is the greatest common factor of 110 and 6123535?
55
What is the highest common factor of 18280 and 182072?
8
Calculate the greatest common divisor of 260 and 26487851.
13
Calculate the greatest common factor of 1781231 and 513.
19
What is the greatest common factor of 926386 and 170192?
1934
What is the highest common factor of 16606 and 163666?
38
Calculate the highest common factor of 3278 and 3919296.
298
Calculate the greatest common divisor of 9 and 17883027.
9
What is the greatest common factor of 7722 and 927784?
286
Calculate the highest common divisor of 9470 and 362478455.
4735
Calculate the greatest common factor of 4146 and 68490538.
1382
What is the highest common factor of 585170 and 226570?
1630
Calculate the highest common factor of 6081706 and 18377.
1081
Calculate the highest common divisor of 53540760 and 360.
120
Calculate the greatest common divisor of 66 and 523476.
6
Calculate the greatest common divisor of 2884 and 40978756.
2884
What is the greatest common factor of 70538 and 57252?
26
Calculate the highest common divisor of 72887 and 12926.
23
What is the highest common divisor of 63054 and 58869?
279
Calculate the highest common factor of 556100 and 7906.
134
Calculate the greatest common factor of 18421914 and 2499.
357
What is the highest common divisor of 35491995 and 2310?
1155
What is the greatest common divisor of 137144 and 3986182?
158
What is the greatest common divisor of 2838 and 47878479?
1419
Calculate the greatest common factor of 14791760 and 184.
184
What is the greatest common factor of 44562021 and 147?
147
What is the highest common factor of 8970 and 10524423?
39
Calculate the greatest common divisor of 525 and 2212770.
105
What is the greatest common factor of 7132370 and 70?
70
Calculate the highest common factor of 15522451 and 14.
7
What is the highest common factor of 81849666 and 20820?
2082
Calculate the greatest common factor of 379 and 109675399.
379
What is the highest common factor of 107200 and 450?
50
What is the highest common factor of 16889404 and 11872?
1484
Calculate the greatest common factor of 26402 and 127237.
43
What is the highest common factor of 37 and 720009381?
37
Calculate the highest common factor of 7128 and 756976.
88
Calculate the highest common factor of 91883169 and 147.
21
What is the highest common factor of 214749481 and 106?
53
Calculate the greatest common divisor of 15 and 311784.
3
What is the greatest common divisor of 73940 and 214910?
10
Calculate the highest common factor of 110 and 916040.
10
What is the highest common divisor of 26670 and 228690?
210
Calculate the highest common divisor of 252 and 56678076.
252
What is the highest common divisor of 2110703 and 246211?
119
Calculate the highest common factor of 22704 and 40480716.
516
What is the greatest common divisor of 96 and 1468200?
24
Calculate the highest common factor of 13365757 and 4666.
2333
What is the highest common divisor of 34192152 and 1296?
216
Calculate the highest common divisor of 261426 and 152382.
1398
Calculate the highest common factor of 109718469 and 126.
63
Calculate the highest common divisor of 61023939 and 3.
3
What is the greatest common factor of 20 and 13926830?
10
What is the highest common factor of 4797181 and 397114?
1097
Calculate the highest common divisor of 750464 and 5104.
176
What is the highest common divisor of 44570474 and 338?
26
Calculate the greatest common factor of 63142 and 245338.
482
Calculate the highest common factor of 10224128 and 40.
8
What is the greatest common factor of 4286391 and 778?
389
Calculate the highest common divisor of 102666395 and 624.
13
What is the greatest common divisor of 38152 and 15352?
152
What is the greatest common factor of 9900 and 997260?
660
What is the greatest common factor of 3484985 and 245?
35
What is the highest common factor of 2830 and 222795995?
1415
What is the highest common factor of 385784 and 875?
7
What is the greatest common divisor of 25 and 13203345?
5
What is the highest common factor of 14 and 45155194?
14
Calculate the highest common divisor of 5027642 and 429691.
2573
What is the highest common factor of 10 and 40663295?
5
What is the highest common divisor of 4358584 and 19894?
58
What is the highest common divisor of 100696388 and 444?
148
What is the highest common divisor of 12826701 and 19283?
1753
Calculate the highest common factor of 7532179 and 4308.
359
Calculate the highest common factor of 6972386 and 29350.
1174
What is the highest common divisor of 79277980 and 80?
20
What is the greatest common divisor of 383707318 and 523?
523
Calculate the highest common factor of 189 and 17234595.
63
What is the greatest common divisor of 209 and 61173122?
19
Calculate the highest common factor of 625 and 3833050.
25
Calculate the greatest common divisor of 89383 and 866597.
113
Calculate the highest common factor of 335984 and 6146888.
2024
What is the greatest common factor of 35407515 and 4488?
561
Calculate the greatest common factor of 7799566 and 2482.
34
What is the greatest common factor of 24633894 and 2164?
1082
What is the greatest common factor of 18 and 432408?
6
What is the greatest common factor of 315 and 198505265?
35
What is the highest common factor of 39 and 133628703?
39
What is the highest common factor of 34263 and 19599?
141
Calculate the highest common factor of 28 and 4070472.
28
Calculate the greatest common divisor of 10393236 and 336.
84
What is the greatest common divisor of 1684275 and 29325?
1275
What is the greatest common factor of 2323 and 45145757?
23
Calculate the highest common divisor of 91464 and 184056.
24
What is the highest common factor of 38 and 17764202?
38
Calculate the greatest common divisor of 1810157 and 97363.
1987
What is the greatest common divisor of 14370 and 495400960?
4790
What is the highest common factor of 788405 and 645?
215
What is the highest common divisor of 1196395 and 2960?
185
Calculate the greatest common divisor of 552916 and 3289468.
2548
What is the greatest common divisor of 472447635 and 740?
185
Calculate the highest common divisor of 153 and 24920127.
9
Calculate the highest common divisor of 1180440 and 18360.
1080
What is the highest common factor of 2986079 and 9544?
1193
Calculate the highest common factor of 417342296 and 1596.
532
What is the greatest common factor of 28115 and 3605?
5
What is the greatest common factor of 2423921 and 124?
31
Calculate the highest common divisor of 3291366 and 11232.
78
Calculate the highest common factor of 1648816 and 624.
208
Calculate the highest common divisor of 192 and 2330976.
96
Calculate the highest common divisor of 6179345 and 55.
5
Calculate the greatest common factor of 2806483 and 713.
23
What is the greatest common divisor of 818936 and 6896?
8
What is the highest common divisor of 480 and 215205?
15
What is the greatest common divisor of 16 and 365103824?
16
Calculate the greatest common factor of 22 and 17374522.
22
What is the highest comm